{"id":1188,"date":"2024-12-24T18:34:21","date_gmt":"2024-12-24T18:34:21","guid":{"rendered":"https:\/\/tapetescontinental.com\/?page_id=1188"},"modified":"2024-12-24T18:44:55","modified_gmt":"2024-12-24T18:44:55","slug":"1188-2","status":"publish","type":"page","link":"https:\/\/tapetescontinental.com\/index.php\/contacto\/1188-2\/","title":{"rendered":"Aviso de privacidad"},"content":{"rendered":"<p>[et_pb_section fb_built=&#8221;1&#8243; fullwidth=&#8221;on&#8221; admin_label=&#8221;Header&#8221; _builder_version=&#8221;4.16&#8243; background_enable_color=&#8221;off&#8221; background_image=&#8221;http:\/\/tapetescontinental.com\/wp-content\/uploads\/2024\/12\/venture_15.jpg&#8221; parallax=&#8221;on&#8221; custom_padding=&#8221;0px|0|0px|0px|false|false&#8221; global_colors_info=&#8221;{}&#8221;][et_pb_fullwidth_header title=&#8221;Aviso de Privacidad&#8221; text_orientation=&#8221;center&#8221; content_max_width=&#8221;99%&#8221; admin_label=&#8221;Fullwidth Header&#8221; _builder_version=&#8221;4.16&#8243; title_font=&#8221;Merriweather||||||||&#8221; title_text_align=&#8221;center&#8221; title_font_size=&#8221;80px&#8221; title_line_height=&#8221;1.4em&#8221; content_font=&#8221;Open Sans||||||||&#8221; content_text_align=&#8221;center&#8221; content_font_size=&#8221;18px&#8221; content_line_height=&#8221;1.8em&#8221; background_color=&#8221;rgba(0,0,0,0)&#8221; use_background_color_gradient=&#8221;on&#8221; background_color_gradient_direction=&#8221;140deg&#8221; background_color_gradient_stops=&#8221;rgba(0,0,0,0.9) 0%|rgba(80,103,147,0.5) 100%&#8221; background_color_gradient_start=&#8221;rgba(0,0,0,0.9)&#8221; background_color_gradient_end=&#8221;rgba(80,103,147,0.5)&#8221; background_image=&#8221;http:\/\/tapetescontinental.com\/wp-content\/uploads\/2024\/12\/venture_02.png&#8221; custom_button_one=&#8221;on&#8221; button_one_text_size=&#8221;14px&#8221; button_one_bg_color=&#8221;#ff6d29&#8243; button_one_border_color=&#8221;rgba(0,0,0,0)&#8221; button_one_border_radius=&#8221;0px&#8221; button_one_letter_spacing=&#8221;1px&#8221; button_one_font=&#8221;|700||on|||||&#8221; button_one_custom_padding=&#8221;16px|28px|16px|28px|true|true&#8221; custom_button_two=&#8221;on&#8221; button_two_text_size=&#8221;14px&#8221; button_two_border_width=&#8221;2px&#8221; button_two_border_radius=&#8221;0px&#8221; button_two_letter_spacing=&#8221;1px&#8221; button_two_font=&#8221;|700||on|||||&#8221; button_two_custom_padding=&#8221;16px|28px|16px|28px|true|true&#8221; width=&#8221;100%&#8221; max_width=&#8221;100%&#8221; custom_margin=&#8221;|||&#8221; custom_padding=&#8221;10vw||10vw||true&#8221; custom_padding_tablet=&#8221;||||false|false&#8221; custom_padding_phone=&#8221;|||&#8221; custom_padding_last_edited=&#8221;off|phone&#8221; title_font_size_tablet=&#8221;54px&#8221; title_font_size_phone=&#8221;34px&#8221; title_font_size_last_edited=&#8221;on|phone&#8221; content_font_size_tablet=&#8221;&#8221; content_font_size_phone=&#8221;16px&#8221; content_font_size_last_edited=&#8221;on|phone&#8221; custom_css_header_container=&#8221;max-width: 1080px;||width: 100%;&#8221; button_one_border_color_hover=&#8221;#ff8a3d&#8221; button_one_border_radius_hover=&#8221;100px&#8221; button_one_letter_spacing_hover=&#8221;5px&#8221; button_one_bg_color_hover=&#8221;#ff8a3d&#8221; global_colors_info=&#8221;{}&#8221; button_one_text_size__hover_enabled=&#8221;off&#8221; button_two_text_size__hover_enabled=&#8221;off&#8221; button_one_text_color__hover_enabled=&#8221;off&#8221; button_two_text_color__hover_enabled=&#8221;off&#8221; button_one_border_width__hover_enabled=&#8221;off&#8221; button_two_border_width__hover_enabled=&#8221;off&#8221; button_one_border_color__hover_enabled=&#8221;off&#8221; button_one_border_color__hover=&#8221;#ff8a3d&#8221; button_two_border_color__hover_enabled=&#8221;off&#8221; button_one_border_radius__hover_enabled=&#8221;off&#8221; button_one_border_radius__hover=&#8221;100px&#8221; button_two_border_radius__hover_enabled=&#8221;off&#8221; button_one_letter_spacing__hover_enabled=&#8221;off&#8221; button_one_letter_spacing__hover=&#8221;5px&#8221; button_two_letter_spacing__hover_enabled=&#8221;off&#8221; button_one_bg_color__hover_enabled=&#8221;off&#8221; button_one_bg_color__hover=&#8221;#ff8a3d&#8221; button_two_bg_color__hover_enabled=&#8221;off&#8221;][\/et_pb_fullwidth_header][\/et_pb_section][et_pb_section fb_built=&#8221;1&#8243; admin_label=&#8221;About&#8221; _builder_version=&#8221;4.16&#8243; background_color=&#8221;rgba(0,0,0,0)&#8221; global_colors_info=&#8221;{}&#8221;][et_pb_row column_structure=&#8221;1_2,1_2&#8243; custom_padding_last_edited=&#8221;on|desktop&#8221; _builder_version=&#8221;4.16&#8243; background_color=&#8221;#ffffff&#8221; custom_margin=&#8221;-15vw|auto||auto|false|false&#8221; custom_margin_tablet=&#8221;-15vw||||false|false&#8221; custom_margin_phone=&#8221;&#8221; custom_margin_last_edited=&#8221;on|desktop&#8221; custom_padding_tablet=&#8221;&#8221; custom_padding_phone=&#8221;&#8221; box_shadow_style=&#8221;preset3&#8243; box_shadow_horizontal=&#8221;13px&#8221; box_shadow_vertical=&#8221;38px&#8221; box_shadow_blur=&#8221;50px&#8221; box_shadow_spread=&#8221;0px&#8221; box_shadow_color=&#8221;rgba(133,143,175,0.2)&#8221; global_colors_info=&#8221;{}&#8221; custom_margin__hover_enabled=&#8221;off&#8221;][et_pb_column type=&#8221;1_2&#8243; _builder_version=&#8221;4.16&#8243; custom_padding=&#8221;60px||60px|60px|true|false&#8221; custom_padding_tablet=&#8221;|60px|||true|false&#8221; custom_padding_phone=&#8221;|30px||30px|true|false&#8221; custom_padding_last_edited=&#8221;on|phone&#8221; global_colors_info=&#8221;{}&#8221;][et_pb_text _builder_version=&#8221;4.21.0&#8243; text_font=&#8221;||||||||&#8221; text_font_size=&#8221;16px&#8221; text_line_height=&#8221;2em&#8221; max_width=&#8221;800px&#8221; custom_padding=&#8221;|2px||||&#8221; text_font_size_tablet=&#8221;&#8221; text_font_size_phone=&#8221;14px&#8221; text_font_size_last_edited=&#8221;on|desktop&#8221; text_line_height_tablet=&#8221;&#8221; text_line_height_phone=&#8221;1.6em&#8221; text_line_height_last_edited=&#8221;on|desktop&#8221; locked=&#8221;off&#8221; global_colors_info=&#8221;{}&#8221;]<\/p>\n<p><strong>CONTINENTAL TAPETES Y ALFOMBRAS S.A.S. DE C.V.<\/strong><\/p>\n<p>En <strong>CONTINENTAL TAPETES Y ALFOMBRAS S.A.S. DE C.V.<\/strong> con domicilio en Continental MZ3 LT 78, San Miguel, Iztapalapa, 09630 Ciudad de M\u00e9xico, CDMX, estamos comprometidos con la protecci\u00f3n de los datos personales que nos proporciona. Este Aviso de Privacidad tiene como objetivo informarle c\u00f3mo recopilamos, usamos, almacenamos y protegemos su informaci\u00f3n personal de acuerdo con la Ley Federal de Protecci\u00f3n de Datos Personales en Posesi\u00f3n de los Particulares (LFPDPPP) y dem\u00e1s normatividad aplicable.<\/p>\n<h3>1. <strong>Datos personales que recabamos<\/strong><\/h3>\n<p>Recabamos los siguientes datos personales cuando usted interact\u00faa con nosotros:<\/p>\n<ul>\n<li>Nombre completo<\/li>\n<li>Correo electr\u00f3nico<\/li>\n<li>N\u00famero de tel\u00e9fono<\/li>\n<li>Direcci\u00f3n f\u00edsica<\/li>\n<li>Datos de facturaci\u00f3n y pago<\/li>\n<li>Otros datos relacionados que usted nos proporcione directamente<\/li>\n<\/ul>\n<h3>2. <strong>Finalidades del tratamiento de datos<\/strong><\/h3>\n<p>Sus datos personales ser\u00e1n utilizados para las siguientes finalidades:<\/p>\n<ul>\n<li>Proveer los productos y servicios que ha solicitado<\/li>\n<li>Informar sobre cambios o nuevos productos o servicios relacionados<\/li>\n<li>Procesar pagos y emitir facturas<\/li>\n<li>Cumplir con las obligaciones legales<\/li>\n<li>Evaluar la calidad del servicio que le brindamos<\/li>\n<li>Fines de mercadotecnia, publicidad o promociones (con su consentimiento)<\/li>\n<\/ul>\n<h3>3. <strong>Transferencias de datos<\/strong><\/h3>\n<p>La Empresa no compartir\u00e1, vender\u00e1 o rentar\u00e1 sus datos personales a terceros, salvo en los siguientes casos:<\/p>\n<ul>\n<li>A proveedores que nos apoyen en la operaci\u00f3n de nuestros servicios, siempre bajo estrictas medidas de confidencialidad<\/li>\n<li>Cuando sea requerido por ley o por autoridades competentes<\/li>\n<\/ul>\n<p>&nbsp;<\/p>\n<p>[\/et_pb_text][\/et_pb_column][et_pb_column type=&#8221;1_2&#8243; _builder_version=&#8221;4.16&#8243; custom_padding=&#8221;60px|60px|60px||true|false&#8221; custom_padding_tablet=&#8221;0px||0px|60px|false|false&#8221; custom_padding_phone=&#8221;|30px||30px|false|false&#8221; custom_padding_last_edited=&#8221;on|desktop&#8221; global_colors_info=&#8221;{}&#8221;][et_pb_text _builder_version=&#8221;4.21.0&#8243; text_font=&#8221;||||||||&#8221; text_font_size=&#8221;16px&#8221; text_line_height=&#8221;2em&#8221; max_width=&#8221;800px&#8221; custom_margin_last_edited=&#8221;off|desktop&#8221; hover_enabled=&#8221;0&#8243; text_font_size_tablet=&#8221;&#8221; text_font_size_phone=&#8221;14px&#8221; text_font_size_last_edited=&#8221;on|desktop&#8221; text_line_height_tablet=&#8221;&#8221; text_line_height_phone=&#8221;1.6em&#8221; text_line_height_last_edited=&#8221;on|desktop&#8221; border_width_all_last_edited=&#8221;off|desktop&#8221; locked=&#8221;off&#8221; global_colors_info=&#8221;{}&#8221; sticky_enabled=&#8221;0&#8243;]<\/p>\n<h3>4. <strong>Medidas de seguridad<\/strong><\/h3>\n<p>Implementamos las medidas de seguridad administrativas, t\u00e9cnicas y f\u00edsicas necesarias para proteger sus datos personales contra da\u00f1o, p\u00e9rdida, alteraci\u00f3n, destrucci\u00f3n o uso no autorizado.<\/p>\n<h3>5. <strong>Derechos ARCO (Acceso, Rectificaci\u00f3n, Cancelaci\u00f3n y Oposici\u00f3n)<\/strong><\/h3>\n<p>Usted tiene el derecho de acceder, rectificar, cancelar u oponerse al tratamiento de sus datos personales, as\u00ed como de revocar el consentimiento que nos haya otorgado para su tratamiento. Para ejercer estos derechos, puede enviar una solicitud a nuestro correo electr\u00f3nico: administracion@tapetescontiental.com o comunicarse a los tel\u00e9fonos: 5566141832.<\/p>\n<h3>6. <strong>Modificaciones al aviso de privacidad<\/strong><\/h3>\n<p>La Empresa se reserva el derecho de modificar este Aviso de Privacidad en cualquier momento. Cualquier cambio ser\u00e1 comunicado a trav\u00e9s de nuestra p\u00e1gina web www.tapetescontinental.com o por otros medios de comunicaci\u00f3n.<\/p>\n<h3>7. <strong>Contacto<\/strong><\/h3>\n<p>Si tiene alguna duda o comentario sobre este Aviso de Privacidad, puede contactarnos en:<\/p>\n<p><strong>CONTINENTAL TAPETES Y ALFOMBRAS S.A.S. DE C.V.<\/strong><br \/>Domicilio: Continental MZ3 LT 78, San Miguel Teotongo, Iztapalapa, 09630 Ciudad de M\u00e9xico, CDMX<br \/>Correo electr\u00f3nico: administracion@tapetescontiental.com<br \/>Tel\u00e9fono: 556614132<\/p>\n<p>Fecha de \u00faltima actualizaci\u00f3n: 1 de enero 2023<\/p>\n<p>[\/et_pb_text][\/et_pb_column][\/et_pb_row][\/et_pb_section]<\/p>\n","protected":false},"excerpt":{"rendered":"<p>CONTINENTAL TAPETES Y ALFOMBRAS S.A.S. DE C.V. En CONTINENTAL TAPETES Y ALFOMBRAS S.A.S. DE C.V. con domicilio en Continental MZ3 LT 78, San Miguel, Iztapalapa, 09630 Ciudad de M\u00e9xico, CDMX, estamos comprometidos con la protecci\u00f3n de los datos personales que nos proporciona. Este Aviso de Privacidad tiene como objetivo informarle c\u00f3mo recopilamos, usamos, almacenamos y [&hellip;]<\/p>\n","protected":false},"author":1,"featured_media":0,"parent":85,"menu_order":0,"comment_status":"closed","ping_status":"closed","template":"","meta":{"_et_pb_use_builder":"on","_et_pb_old_content":"","_et_gb_content_width":"","footnotes":""},"jetpack_sharing_enabled":true,"_links":{"self":[{"href":"https:\/\/tapetescontinental.com\/index.php\/wp-json\/wp\/v2\/pages\/1188"}],"collection":[{"href":"https:\/\/tapetescontinental.com\/index.php\/wp-json\/wp\/v2\/pages"}],"about":[{"href":"https:\/\/tapetescontinental.com\/index.php\/wp-json\/wp\/v2\/types\/page"}],"author":[{"embeddable":true,"href":"https:\/\/tapetescontinental.com\/index.php\/wp-json\/wp\/v2\/users\/1"}],"replies":[{"embeddable":true,"href":"https:\/\/tapetescontinental.com\/index.php\/wp-json\/wp\/v2\/comments?post=1188"}],"version-history":[{"count":5,"href":"https:\/\/tapetescontinental.com\/index.php\/wp-json\/wp\/v2\/pages\/1188\/revisions"}],"predecessor-version":[{"id":1201,"href":"https:\/\/tapetescontinental.com\/index.php\/wp-json\/wp\/v2\/pages\/1188\/revisions\/1201"}],"up":[{"embeddable":true,"href":"https:\/\/tapetescontinental.com\/index.php\/wp-json\/wp\/v2\/pages\/85"}],"wp:attachment":[{"href":"https:\/\/tapetescontinental.com\/index.php\/wp-json\/wp\/v2\/media?parent=1188"}],"curies":[{"name":"wp","href":"https:\/\/api.w.org\/{rel}","templated":true}]}}